{"id":876,"date":"2016-12-30T18:05:21","date_gmt":"2016-12-30T16:05:21","guid":{"rendered":"http:\/\/aeroclubchateauneuf.fr\/?page_id=876"},"modified":"2026-04-18T16:02:24","modified_gmt":"2026-04-18T15:02:24","slug":"visiteurs","status":"publish","type":"page","link":"https:\/\/aeroclubchateauneuf.fr\/?page_id=876","title":{"rendered":"Visiteurs"},"content":{"rendered":"<p><a href=\"http:\/\/aeroclubchateauneuf.fr\/wp-content\/uploads\/AD-2.LFFU-2.pdf\"><img decoding=\"async\" loading=\"lazy\" class=\"alignnone  wp-image-2481\" src=\"http:\/\/aeroclubchateauneuf.fr\/wp-content\/uploads\/lffu-vac-300x194.jpg\" alt=\"\" width=\"305\" height=\"197\" srcset=\"https:\/\/aeroclubchateauneuf.fr\/wp-content\/uploads\/lffu-vac-300x194.jpg 300w, https:\/\/aeroclubchateauneuf.fr\/wp-content\/uploads\/lffu-vac.jpg 465w\" sizes=\"(max-width: 305px) 100vw, 305px\" \/><\/a><\/p>\n<p>Fiche VAC<\/p>\n<p><a href=\"http:\/\/aeroclubchateauneuf.fr\/wp-content\/uploads\/LFFU_FR-1.pdf\"><img decoding=\"async\" loading=\"lazy\" class=\"alignnone  wp-image-2489\" src=\"http:\/\/aeroclubchateauneuf.fr\/wp-content\/uploads\/icarus-300x33.jpg\" alt=\"\" width=\"355\" height=\"39\" srcset=\"https:\/\/aeroclubchateauneuf.fr\/wp-content\/uploads\/icarus-300x33.jpg 300w, https:\/\/aeroclubchateauneuf.fr\/wp-content\/uploads\/icarus.jpg 752w\" sizes=\"(max-width: 355px) 100vw, 355px\" \/><\/a>\u00a0 \u00a0Fiche ICARUS<\/p>\n<p>AVGAS et hangar sont disponibles avec <a href=\"http:\/\/aeroclubchateauneuf.fr\/?page_id=365\" target=\"_blank\" rel=\"noopener\">pr\u00e9avis<\/a><\/p>\n<p><span style=\"font-family: arial, helvetica, sans-serif; font-size: 12pt;\">Pour la m\u00e9t\u00e9o, les a\u00e9rodromes les plus proches sont <a href=\"http:\/\/fr.allmetsat.com\/metar-taf\/france.php?icao=LFLX\" target=\"_blank\" rel=\"noopener\">Chateauroux (LFLX)<\/a> et <a href=\"http:\/\/fr.allmetsat.com\/metar-taf\/france.php?icao=LFOA\" target=\"_blank\" rel=\"noopener\">Avord (LFOA)<\/a>, sinon vous pouvez toujours jetez un oeil aux <a href=\"http:\/\/aeroclubchateauneuf.fr\/?page_id=976\" target=\"_blank\" rel=\"noopener\">webcams<\/a><\/span><\/p>\n<p><span style=\"font-family: arial, helvetica, sans-serif; font-size: 12pt;\">N&rsquo;oubliez pas de consulter les <a href=\"https:\/\/sofia-briefing.aviation-civile.gouv.fr\/sofia\/pages\/prepavol.html\" target=\"_blank\" rel=\"noopener\">Notams<\/a>, et l&rsquo;a\u00e9rodrome \u00e9tant situ\u00e9 en bordure, l&rsquo;activit\u00e9 \u00a0de la <a href=\"https:\/\/www.sia.aviation-civile.gouv.fr\/schedules\" target=\"_blank\" rel=\"noopener\">zone basse altitude LF-R139<\/a><\/span><\/p>\n<p><span style=\"font-family: arial, helvetica, sans-serif; font-size: 12pt;\">\u2022 Taxi<\/span><\/p>\n<h3><span style=\"font-family: arial, helvetica, sans-serif; font-size: 12pt;\"> Taxis Castelneuviens\u00a0 T\u00e9l. :\u00a002 48 60 50 45<\/span><\/h3>\n<h3><\/h3>\n<p><span style=\"font-family: arial, helvetica, sans-serif; font-size: 12pt;\">\u2022 Restaurants<\/span><\/p>\n<p>Au plus pr\u00e9s \u00e0 2 km, Christine et Fred vous accueillent \u00e0 l&rsquo;<a href=\"https:\/\/www.facebook.com\/Auberge-de-Chavannes-2306616759562262\">Auberge de Chavannes<\/a><\/p>\n<p>Sinon , pour les autres, c&rsquo;est <a href=\"https:\/\/www.lignieresenberry-tourisme.fr\/mon-sejour-a-lignieres\/adresses-gourmandes\/\">ici<\/a> ou <a href=\"https:\/\/www.comcomabc.fr\/tourisme\/hebergements\/\">l\u00e0<\/a><\/p>\n<p><span style=\"font-family: arial, helvetica, sans-serif; font-size: 12pt;\">\u2022 <a href=\"https:\/\/www.lignieresenberry-tourisme.fr\/mon-sejour\/vos-envies-dhebergements\/\" target=\"_blank\" rel=\"noopener\">H\u00e9bergement<\/a>\u00a0<\/span><\/p>\n<p><span style=\"font-family: arial, helvetica, sans-serif; font-size: 12pt;\">\u2022 Office de tourisme<\/span><span style=\"font-family: arial, helvetica, sans-serif; font-size: 12pt;\">\u00a0\u00a0<a href=\"https:\/\/www.lignieresenberry-tourisme.fr\/\" target=\"_blank\" rel=\"noopener\">Ligni\u00e8res en Berry <\/a><\/span>ou <a href=\"https:\/\/www.comcomabc.fr\/tourisme\/hebergements\/\">Communaut\u00e9 de communes\u00a0 Anon Boischaut Cher<\/a><\/p>\n<p>ou en consultant le <a href=\"https:\/\/fr.calameo.com\/read\/00075317647e21276b3d6\">guide 2021<\/a><\/p>\n<p><span style=\"font-family: arial, helvetica, sans-serif; font-size: 12pt;\">Bon vol<\/span><\/p>\n<p><span style=\"font-family: arial, helvetica, sans-serif; font-size: 12pt;\">Au plaisir de vous accueillir\u00a0!<\/span><\/p>\n","protected":false},"excerpt":{"rendered":"<p>Fiche VAC \u00a0 \u00a0Fiche ICARUS AVGAS et hangar sont disponibles avec pr\u00e9avis Pour la m\u00e9t\u00e9o, les a\u00e9rodromes les plus proches sont Chateauroux (LFLX) et Avord (LFOA), sinon vous pouvez toujours jetez un oeil aux webcams N&rsquo;oubliez pas de consulter les &hellip; <a href=\"https:\/\/aeroclubchateauneuf.fr\/?page_id=876\">Continuer la lecture <span class=\"meta-nav\">&rarr;<\/span><\/a><\/p>\n","protected":false},"author":6,"featured_media":0,"parent":0,"menu_order":0,"comment_status":"closed","ping_status":"closed","template":"","meta":[],"_links":{"self":[{"href":"https:\/\/aeroclubchateauneuf.fr\/index.php?rest_route=\/wp\/v2\/pages\/876"}],"collection":[{"href":"https:\/\/aeroclubchateauneuf.fr\/index.php?rest_route=\/wp\/v2\/pages"}],"about":[{"href":"https:\/\/aeroclubchateauneuf.fr\/index.php?rest_route=\/wp\/v2\/types\/page"}],"author":[{"embeddable":true,"href":"https:\/\/aeroclubchateauneuf.fr\/index.php?rest_route=\/wp\/v2\/users\/6"}],"replies":[{"embeddable":true,"href":"https:\/\/aeroclubchateauneuf.fr\/index.php?rest_route=%2Fwp%2Fv2%2Fcomments&post=876"}],"version-history":[{"count":33,"href":"https:\/\/aeroclubchateauneuf.fr\/index.php?rest_route=\/wp\/v2\/pages\/876\/revisions"}],"predecessor-version":[{"id":2500,"href":"https:\/\/aeroclubchateauneuf.fr\/index.php?rest_route=\/wp\/v2\/pages\/876\/revisions\/2500"}],"wp:attachment":[{"href":"https:\/\/aeroclubchateauneuf.fr\/index.php?rest_route=%2Fwp%2Fv2%2Fmedia&parent=876"}],"curies":[{"name":"wp","href":"https:\/\/api.w.org\/{rel}","templated":true}]}}