{"id":61,"date":"2015-10-16T06:19:40","date_gmt":"2015-10-16T05:19:40","guid":{"rendered":"http:\/\/aeroclubchateauneuf.fr\/blog\/?page_id=61"},"modified":"2022-12-18T10:05:43","modified_gmt":"2022-12-18T09:05:43","slug":"ju","status":"publish","type":"page","link":"https:\/\/aeroclubchateauneuf.fr\/?page_id=61","title":{"rendered":"F-GBVH"},"content":{"rendered":"<table>\n<tbody>\n<tr>\n<td><img decoding=\"async\" loading=\"lazy\" class=\"alignnone wp-image-1206\" src=\"http:\/\/aeroclubchateauneuf.fr\/wp-content\/uploads\/DSC_0043-300x211.jpg\" alt=\"\" width=\"316\" height=\"222\" srcset=\"https:\/\/aeroclubchateauneuf.fr\/wp-content\/uploads\/DSC_0043-300x211.jpg 300w, https:\/\/aeroclubchateauneuf.fr\/wp-content\/uploads\/DSC_0043-1024x719.jpg 1024w\" sizes=\"(max-width: 316px) 100vw, 316px\" \/><\/td>\n<td>\n<h2>\u00a0<img decoding=\"async\" loading=\"lazy\" class=\"alignnone wp-image-1211\" src=\"http:\/\/aeroclubchateauneuf.fr\/wp-content\/uploads\/IMG_8630-1-300x196.jpg\" alt=\"\" width=\"178\" height=\"116\" \/><\/h2>\n<h2>DR-400\/120A 120cv<\/h2>\n<\/td>\n<\/tr>\n<\/tbody>\n<\/table>\n<p align=\"left\">Avion \u00e9cole et de perfectionnement ce quadriplace autorise des voyages \u00e0 3 adultes et un enfant sur une distance de 700 km \u00e0 une vitesse de 190 km\/h. Tr\u00e8s agr\u00e9able \u00e0 piloter, il vous emm\u00e8nera all\u00e8grement pour toutes vos promenades. C\u2019est le moins cher, il vous permettra de vivre \u00e0 fond votre passion du vol\u00a0! C\u2019est \u00e9galement un formidable avion \u00e9cole, pour tous vos cours de pilotage &#8230;<\/p>\n<p>Autoris\u00e9 vol de nuit.<\/p>\n<table>\n<tbody>\n<tr>\n<td>Pilote brevet\u00e9<\/td>\n<td>137\u20ac\/h<\/td>\n<\/tr>\n<tr>\n<td>El\u00e8ve pilote (avec instructeur)<\/td>\n<td>149\u20ac\/h<\/td>\n<\/tr>\n<\/tbody>\n<\/table>\n<p>Toutes les informations techniques et pr\u00e9paration de vol sont dans l&rsquo;<a href=\"http:\/\/aeroclubchateauneuf.fr\/?page_id=439\">Espace membres<\/a>.<\/p>\n","protected":false},"excerpt":{"rendered":"<p>\u00a0 DR-400\/120A 120cv Avion \u00e9cole et de perfectionnement ce quadriplace autorise des voyages \u00e0 3 adultes et un enfant sur une distance de 700 km \u00e0 une vitesse de 190 km\/h. Tr\u00e8s agr\u00e9able \u00e0 piloter, il vous emm\u00e8nera all\u00e8grement pour &hellip; <a href=\"https:\/\/aeroclubchateauneuf.fr\/?page_id=61\">Continuer la lecture <span class=\"meta-nav\">&rarr;<\/span><\/a><\/p>\n","protected":false},"author":1,"featured_media":0,"parent":55,"menu_order":0,"comment_status":"closed","ping_status":"closed","template":"","meta":[],"_links":{"self":[{"href":"https:\/\/aeroclubchateauneuf.fr\/index.php?rest_route=\/wp\/v2\/pages\/61"}],"collection":[{"href":"https:\/\/aeroclubchateauneuf.fr\/index.php?rest_route=\/wp\/v2\/pages"}],"about":[{"href":"https:\/\/aeroclubchateauneuf.fr\/index.php?rest_route=\/wp\/v2\/types\/page"}],"author":[{"embeddable":true,"href":"https:\/\/aeroclubchateauneuf.fr\/index.php?rest_route=\/wp\/v2\/users\/1"}],"replies":[{"embeddable":true,"href":"https:\/\/aeroclubchateauneuf.fr\/index.php?rest_route=%2Fwp%2Fv2%2Fcomments&post=61"}],"version-history":[{"count":30,"href":"https:\/\/aeroclubchateauneuf.fr\/index.php?rest_route=\/wp\/v2\/pages\/61\/revisions"}],"predecessor-version":[{"id":2066,"href":"https:\/\/aeroclubchateauneuf.fr\/index.php?rest_route=\/wp\/v2\/pages\/61\/revisions\/2066"}],"up":[{"embeddable":true,"href":"https:\/\/aeroclubchateauneuf.fr\/index.php?rest_route=\/wp\/v2\/pages\/55"}],"wp:attachment":[{"href":"https:\/\/aeroclubchateauneuf.fr\/index.php?rest_route=%2Fwp%2Fv2%2Fmedia&parent=61"}],"curies":[{"name":"wp","href":"https:\/\/api.w.org\/{rel}","templated":true}]}}