{"id":58,"date":"2015-10-16T06:19:27","date_gmt":"2015-10-16T05:19:27","guid":{"rendered":"http:\/\/aeroclubchateauneuf.fr\/blog\/?page_id=58"},"modified":"2022-12-18T10:04:04","modified_gmt":"2022-12-18T09:04:04","slug":"vh","status":"publish","type":"page","link":"https:\/\/aeroclubchateauneuf.fr\/?page_id=58","title":{"rendered":"F-BXJU"},"content":{"rendered":"<table style=\"height: 428px;\" width=\"636\">\n<tbody>\n<tr>\n<td style=\"width: 288px;\"><img decoding=\"async\" loading=\"lazy\" class=\"alignnone size-medium wp-image-1208\" src=\"http:\/\/aeroclubchateauneuf.fr\/wp-content\/uploads\/IMG_4317-300x196.jpg\" alt=\"\" width=\"300\" height=\"196\" srcset=\"https:\/\/aeroclubchateauneuf.fr\/wp-content\/uploads\/IMG_4317-300x196.jpg 300w, https:\/\/aeroclubchateauneuf.fr\/wp-content\/uploads\/IMG_4317-1024x670.jpg 1024w\" sizes=\"(max-width: 300px) 100vw, 300px\" \/><\/td>\n<td style=\"width: 254px;\">\n<h2><\/h2>\n<h2><\/h2>\n<h2><\/h2>\n<h2><img decoding=\"async\" loading=\"lazy\" class=\"alignnone  wp-image-1882\" src=\"http:\/\/aeroclubchateauneuf.fr\/wp-content\/uploads\/dsBuffer-300x207.jpg\" alt=\"\" width=\"249\" height=\"172\" srcset=\"https:\/\/aeroclubchateauneuf.fr\/wp-content\/uploads\/dsBuffer-300x207.jpg 300w, https:\/\/aeroclubchateauneuf.fr\/wp-content\/uploads\/dsBuffer-1024x705.jpg 1024w, https:\/\/aeroclubchateauneuf.fr\/wp-content\/uploads\/dsBuffer-1536x1058.jpg 1536w, https:\/\/aeroclubchateauneuf.fr\/wp-content\/uploads\/dsBuffer-2048x1411.jpg 2048w\" sizes=\"(max-width: 249px) 100vw, 249px\" \/><\/h2>\n<h2><\/h2>\n<h2>DR-400\/140B 160cv<\/h2>\n<p style=\"text-align: left;\">\n<\/td>\n<\/tr>\n<\/tbody>\n<\/table>\n<p align=\"left\">Avion de grand voyage, autoris\u00e9 vol de nuit et plus puisant, il emm\u00e8ne 4 adultes sur 900 km \u00e0 belle vitesse (210 km\/h), pour plus d&rsquo;efficacit\u00e9.<\/p>\n<p>Autoris\u00e9 vol de nuit<\/p>\n<table>\n<tbody>\n<tr>\n<td>Pilote brevet\u00e9<\/td>\n<td>160\u20ac\/h<\/td>\n<\/tr>\n<tr>\n<td>El\u00e8ve pilote (avec instructeur)<\/td>\n<td>172\u20ac\/h<\/td>\n<\/tr>\n<\/tbody>\n<\/table>\n<p>Toutes les informations techniques et pr\u00e9paration de vol sont dans l&rsquo;<a href=\"http:\/\/aeroclubchateauneuf.fr\/?page_id=439\">Espace membres<\/a>.<\/p>\n","protected":false},"excerpt":{"rendered":"<p>DR-400\/140B 160cv Avion de grand voyage, autoris\u00e9 vol de nuit et plus puisant, il emm\u00e8ne 4 adultes sur 900 km \u00e0 belle vitesse (210 km\/h), pour plus d&rsquo;efficacit\u00e9. Autoris\u00e9 vol de nuit Pilote brevet\u00e9 160\u20ac\/h El\u00e8ve pilote (avec instructeur) 172\u20ac\/h &hellip; <a href=\"https:\/\/aeroclubchateauneuf.fr\/?page_id=58\">Continuer la lecture <span class=\"meta-nav\">&rarr;<\/span><\/a><\/p>\n","protected":false},"author":1,"featured_media":0,"parent":55,"menu_order":0,"comment_status":"closed","ping_status":"closed","template":"","meta":[],"_links":{"self":[{"href":"https:\/\/aeroclubchateauneuf.fr\/index.php?rest_route=\/wp\/v2\/pages\/58"}],"collection":[{"href":"https:\/\/aeroclubchateauneuf.fr\/index.php?rest_route=\/wp\/v2\/pages"}],"about":[{"href":"https:\/\/aeroclubchateauneuf.fr\/index.php?rest_route=\/wp\/v2\/types\/page"}],"author":[{"embeddable":true,"href":"https:\/\/aeroclubchateauneuf.fr\/index.php?rest_route=\/wp\/v2\/users\/1"}],"replies":[{"embeddable":true,"href":"https:\/\/aeroclubchateauneuf.fr\/index.php?rest_route=%2Fwp%2Fv2%2Fcomments&post=58"}],"version-history":[{"count":33,"href":"https:\/\/aeroclubchateauneuf.fr\/index.php?rest_route=\/wp\/v2\/pages\/58\/revisions"}],"predecessor-version":[{"id":2064,"href":"https:\/\/aeroclubchateauneuf.fr\/index.php?rest_route=\/wp\/v2\/pages\/58\/revisions\/2064"}],"up":[{"embeddable":true,"href":"https:\/\/aeroclubchateauneuf.fr\/index.php?rest_route=\/wp\/v2\/pages\/55"}],"wp:attachment":[{"href":"https:\/\/aeroclubchateauneuf.fr\/index.php?rest_route=%2Fwp%2Fv2%2Fmedia&parent=58"}],"curies":[{"name":"wp","href":"https:\/\/api.w.org\/{rel}","templated":true}]}}