{"id":470,"date":"2015-12-16T11:28:03","date_gmt":"2015-12-16T09:28:03","guid":{"rendered":"http:\/\/aeroclubchateauneuf.fr\/?page_id=470"},"modified":"2015-12-26T14:58:44","modified_gmt":"2015-12-26T12:58:44","slug":"non-membre","status":"publish","type":"page","link":"https:\/\/aeroclubchateauneuf.fr\/?page_id=470","title":{"rendered":"Espace r\u00e9serv\u00e9 aux membres"},"content":{"rendered":"<p>Vous devez \u00eatre membre pour acc\u00e9der \u00e0 cette page.<br \/>\nMerci de vous identifier.<\/p>\n","protected":false},"excerpt":{"rendered":"<p>Vous devez \u00eatre membre pour acc\u00e9der \u00e0 cette page. Merci de vous identifier.<\/p>\n","protected":false},"author":1,"featured_media":0,"parent":0,"menu_order":0,"comment_status":"closed","ping_status":"closed","template":"","meta":[],"_links":{"self":[{"href":"https:\/\/aeroclubchateauneuf.fr\/index.php?rest_route=\/wp\/v2\/pages\/470"}],"collection":[{"href":"https:\/\/aeroclubchateauneuf.fr\/index.php?rest_route=\/wp\/v2\/pages"}],"about":[{"href":"https:\/\/aeroclubchateauneuf.fr\/index.php?rest_route=\/wp\/v2\/types\/page"}],"author":[{"embeddable":true,"href":"https:\/\/aeroclubchateauneuf.fr\/index.php?rest_route=\/wp\/v2\/users\/1"}],"replies":[{"embeddable":true,"href":"https:\/\/aeroclubchateauneuf.fr\/index.php?rest_route=%2Fwp%2Fv2%2Fcomments&post=470"}],"version-history":[{"count":6,"href":"https:\/\/aeroclubchateauneuf.fr\/index.php?rest_route=\/wp\/v2\/pages\/470\/revisions"}],"predecessor-version":[{"id":487,"href":"https:\/\/aeroclubchateauneuf.fr\/index.php?rest_route=\/wp\/v2\/pages\/470\/revisions\/487"}],"wp:attachment":[{"href":"https:\/\/aeroclubchateauneuf.fr\/index.php?rest_route=%2Fwp%2Fv2%2Fmedia&parent=470"}],"curies":[{"name":"wp","href":"https:\/\/api.w.org\/{rel}","templated":true}]}}