{"id":2388,"date":"2024-06-26T19:11:51","date_gmt":"2024-06-26T18:11:51","guid":{"rendered":"https:\/\/aeroclubchateauneuf.fr\/?page_id=2388"},"modified":"2024-06-28T14:00:04","modified_gmt":"2024-06-28T13:00:04","slug":"tour-aerien-des-jeunes-pilotes-2024","status":"publish","type":"page","link":"https:\/\/aeroclubchateauneuf.fr\/?page_id=2388","title":{"rendered":"Tour a\u00e9rien des jeunes pilotes 2024"},"content":{"rendered":"<p><strong>Cette ann\u00e9e, c&rsquo;est au tour de Maximillien Capparelli-Mathiaud de participer au Tour A\u00e9rien des jeunes pilotes.<\/strong><\/p>\n<p><img decoding=\"async\" loading=\"lazy\" class=\"alignnone  wp-image-2393\" src=\"http:\/\/aeroclubchateauneuf.fr\/wp-content\/uploads\/TRAC2-300x288.jpg\" alt=\"\" width=\"363\" height=\"348\" srcset=\"https:\/\/aeroclubchateauneuf.fr\/wp-content\/uploads\/TRAC2-300x288.jpg 300w, https:\/\/aeroclubchateauneuf.fr\/wp-content\/uploads\/TRAC2.jpg 699w\" sizes=\"(max-width: 363px) 100vw, 363px\" \/> <img decoding=\"async\" loading=\"lazy\" class=\"alignnone  wp-image-2392\" src=\"http:\/\/aeroclubchateauneuf.fr\/wp-content\/uploads\/367464134_814359183810961_8193561374385772436_n-225x300.jpg\" alt=\"\" width=\"264\" height=\"352\" srcset=\"https:\/\/aeroclubchateauneuf.fr\/wp-content\/uploads\/367464134_814359183810961_8193561374385772436_n-225x300.jpg 225w, https:\/\/aeroclubchateauneuf.fr\/wp-content\/uploads\/367464134_814359183810961_8193561374385772436_n-768x1024.jpg 768w, https:\/\/aeroclubchateauneuf.fr\/wp-content\/uploads\/367464134_814359183810961_8193561374385772436_n-1152x1536.jpg 1152w, https:\/\/aeroclubchateauneuf.fr\/wp-content\/uploads\/367464134_814359183810961_8193561374385772436_n.jpg 1170w\" sizes=\"(max-width: 264px) 100vw, 264px\" \/><\/p>\n<p><a href=\"http:\/\/aeroclubchateauneuf.fr\/wp-content\/uploads\/TAJP-2024_Maximilien.pdf\">TAJP-2024_Maximilien<\/a><\/p>\n<p><strong>Petite revue de presse<\/strong><\/p>\n<p><a href=\"https:\/\/www.echoduberry.fr\/actualite-20774-saint-amand-montrond-le-jeune-maximilien-sur-le-toit-de-la-france\">Echo du Berry<\/a><\/p>\n<p><a href=\"https:\/\/www.leberry.fr\/saint-amand-montrond-18200\/actualites\/maximilien-capparelli-19-ans-un-jeune-pilote-pare-au-decollage-a-l-occasion-du-tour-aerien-des-jeunes-pilotes_14520192\/\">Le Berry R\u00e9publicain<\/a><\/p>\n<p><a href=\"https:\/\/aero-centre.fr\/actualite\/aerocentre-vous-presente-maximilien-jeune-pilote-a-lavenir-prometteur\/\">AeroCentre<\/a><\/p>\n<p><strong>En cliquant sur le logo, n&rsquo;h\u00e9sitez pas \u00e0 aller visiter le site des ses diff\u00e9rents sponsors !<\/strong><\/p>\n<p>Et si vous voulez en faire partie :<\/p>\n<p><a href=\"http:\/\/aeroclubchateauneuf.fr\/wp-content\/uploads\/TAJP-2024_PRESENTATION.pdf\">\u00a0TAJP-2024_PRESENTATION\u00a0\u00a0<\/a>\u00a0 \u00a0ou encore\u00a0 la <a href=\"https:\/\/www.leetchi.com\/fr\/c\/tour-aerien-des-jeunes-pilotes-1222046\">Cagnotte<\/a> <a href=\"https:\/\/www.preysse-aviation.com\/accueil\/\"><img decoding=\"async\" loading=\"lazy\" class=\"alignnone size-medium wp-image-2381\" src=\"http:\/\/aeroclubchateauneuf.fr\/wp-content\/uploads\/Logo-Preysse-Aviation-300x300.png\" alt=\"\" width=\"300\" height=\"300\" srcset=\"https:\/\/aeroclubchateauneuf.fr\/wp-content\/uploads\/Logo-Preysse-Aviation-300x300.png 300w, https:\/\/aeroclubchateauneuf.fr\/wp-content\/uploads\/Logo-Preysse-Aviation-1024x1024.png 1024w, https:\/\/aeroclubchateauneuf.fr\/wp-content\/uploads\/Logo-Preysse-Aviation-150x150.png 150w, https:\/\/aeroclubchateauneuf.fr\/wp-content\/uploads\/Logo-Preysse-Aviation.png 1080w\" sizes=\"(max-width: 300px) 100vw, 300px\" \/><\/a> <a href=\"https:\/\/www.marembert.fr\/\"><img decoding=\"async\" loading=\"lazy\" class=\"alignnone size-medium wp-image-2380\" src=\"http:\/\/aeroclubchateauneuf.fr\/wp-content\/uploads\/Logo-Marembert-300x300.png\" alt=\"\" width=\"300\" height=\"300\" srcset=\"https:\/\/aeroclubchateauneuf.fr\/wp-content\/uploads\/Logo-Marembert-300x300.png 300w, https:\/\/aeroclubchateauneuf.fr\/wp-content\/uploads\/Logo-Marembert-1024x1024.png 1024w, https:\/\/aeroclubchateauneuf.fr\/wp-content\/uploads\/Logo-Marembert-150x150.png 150w, https:\/\/aeroclubchateauneuf.fr\/wp-content\/uploads\/Logo-Marembert.png 1080w\" sizes=\"(max-width: 300px) 100vw, 300px\" \/><\/a> <a href=\"https:\/\/www.deglon.fr\"><img decoding=\"async\" loading=\"lazy\" class=\"alignnone size-medium wp-image-2379\" src=\"http:\/\/aeroclubchateauneuf.fr\/wp-content\/uploads\/Logo-Deglon-300x300.png\" alt=\"\" width=\"300\" height=\"300\" srcset=\"https:\/\/aeroclubchateauneuf.fr\/wp-content\/uploads\/Logo-Deglon-300x300.png 300w, https:\/\/aeroclubchateauneuf.fr\/wp-content\/uploads\/Logo-Deglon-1024x1024.png 1024w, https:\/\/aeroclubchateauneuf.fr\/wp-content\/uploads\/Logo-Deglon-150x150.png 150w, https:\/\/aeroclubchateauneuf.fr\/wp-content\/uploads\/Logo-Deglon.png 1080w\" sizes=\"(max-width: 300px) 100vw, 300px\" \/><\/a> <a href=\"https:\/\/www.auto-ecole-blasquez.com\/\"><img decoding=\"async\" loading=\"lazy\" class=\"alignnone size-medium wp-image-2378\" src=\"http:\/\/aeroclubchateauneuf.fr\/wp-content\/uploads\/Logo-Blasquez-300x300.png\" alt=\"\" width=\"300\" height=\"300\" srcset=\"https:\/\/aeroclubchateauneuf.fr\/wp-content\/uploads\/Logo-Blasquez-300x300.png 300w, https:\/\/aeroclubchateauneuf.fr\/wp-content\/uploads\/Logo-Blasquez-1024x1024.png 1024w, https:\/\/aeroclubchateauneuf.fr\/wp-content\/uploads\/Logo-Blasquez-150x150.png 150w, https:\/\/aeroclubchateauneuf.fr\/wp-content\/uploads\/Logo-Blasquez.png 1080w\" sizes=\"(max-width: 300px) 100vw, 300px\" \/><\/a> <a href=\"https:\/\/www.facebook.com\/p\/Le-Bistro-des-halles-100063790771890\/\"><img decoding=\"async\" loading=\"lazy\" class=\"alignnone size-medium wp-image-2377\" src=\"http:\/\/aeroclubchateauneuf.fr\/wp-content\/uploads\/Logo-Bistro-des-halles-300x300.png\" alt=\"\" width=\"300\" height=\"300\" srcset=\"https:\/\/aeroclubchateauneuf.fr\/wp-content\/uploads\/Logo-Bistro-des-halles-300x300.png 300w, https:\/\/aeroclubchateauneuf.fr\/wp-content\/uploads\/Logo-Bistro-des-halles-1024x1024.png 1024w, https:\/\/aeroclubchateauneuf.fr\/wp-content\/uploads\/Logo-Bistro-des-halles-150x150.png 150w, https:\/\/aeroclubchateauneuf.fr\/wp-content\/uploads\/Logo-Bistro-des-halles.png 1080w\" sizes=\"(max-width: 300px) 100vw, 300px\" \/><\/a><a href=\"https:\/\/www.leqg18.fr\"><img decoding=\"async\" loading=\"lazy\" class=\"alignnone size-medium wp-image-2307\" src=\"http:\/\/aeroclubchateauneuf.fr\/wp-content\/uploads\/qg-300x288.jpg\" alt=\"\" width=\"300\" height=\"288\" srcset=\"https:\/\/aeroclubchateauneuf.fr\/wp-content\/uploads\/qg-300x288.jpg 300w, https:\/\/aeroclubchateauneuf.fr\/wp-content\/uploads\/qg.jpg 541w\" sizes=\"(max-width: 300px) 100vw, 300px\" \/><\/a> <a href=\"https:\/\/www.facebook.com\/profile.php?id=100041926944806\"><img decoding=\"async\" loading=\"lazy\" class=\"alignnone size-medium wp-image-1955\" src=\"http:\/\/aeroclubchateauneuf.fr\/wp-content\/uploads\/loireaviation-300x192.png\" alt=\"\" width=\"300\" height=\"192\" srcset=\"https:\/\/aeroclubchateauneuf.fr\/wp-content\/uploads\/loireaviation-300x192.png 300w, https:\/\/aeroclubchateauneuf.fr\/wp-content\/uploads\/loireaviation.png 312w\" sizes=\"(max-width: 300px) 100vw, 300px\" \/><\/a> <a href=\"https:\/\/www.gp-auto.fr\/\"><img decoding=\"async\" loading=\"lazy\" class=\"alignnone size-medium wp-image-1953\" src=\"http:\/\/aeroclubchateauneuf.fr\/wp-content\/uploads\/gpa-auto-300x157.png\" alt=\"\" width=\"300\" height=\"157\" srcset=\"https:\/\/aeroclubchateauneuf.fr\/wp-content\/uploads\/gpa-auto-300x157.png 300w, https:\/\/aeroclubchateauneuf.fr\/wp-content\/uploads\/gpa-auto.png 366w\" sizes=\"(max-width: 300px) 100vw, 300px\" \/><\/a><\/p>\n","protected":false},"excerpt":{"rendered":"<p>Cette ann\u00e9e, c&rsquo;est au tour de Maximillien Capparelli-Mathiaud de participer au Tour A\u00e9rien des jeunes pilotes. TAJP-2024_Maximilien Petite revue de presse Echo du Berry Le Berry R\u00e9publicain AeroCentre En cliquant sur le logo, n&rsquo;h\u00e9sitez pas \u00e0 aller visiter le site &hellip; <a href=\"https:\/\/aeroclubchateauneuf.fr\/?page_id=2388\">Continuer la lecture <span class=\"meta-nav\">&rarr;<\/span><\/a><\/p>\n","protected":false},"author":6,"featured_media":0,"parent":0,"menu_order":0,"comment_status":"closed","ping_status":"closed","template":"","meta":[],"_links":{"self":[{"href":"https:\/\/aeroclubchateauneuf.fr\/index.php?rest_route=\/wp\/v2\/pages\/2388"}],"collection":[{"href":"https:\/\/aeroclubchateauneuf.fr\/index.php?rest_route=\/wp\/v2\/pages"}],"about":[{"href":"https:\/\/aeroclubchateauneuf.fr\/index.php?rest_route=\/wp\/v2\/types\/page"}],"author":[{"embeddable":true,"href":"https:\/\/aeroclubchateauneuf.fr\/index.php?rest_route=\/wp\/v2\/users\/6"}],"replies":[{"embeddable":true,"href":"https:\/\/aeroclubchateauneuf.fr\/index.php?rest_route=%2Fwp%2Fv2%2Fcomments&post=2388"}],"version-history":[{"count":10,"href":"https:\/\/aeroclubchateauneuf.fr\/index.php?rest_route=\/wp\/v2\/pages\/2388\/revisions"}],"predecessor-version":[{"id":2412,"href":"https:\/\/aeroclubchateauneuf.fr\/index.php?rest_route=\/wp\/v2\/pages\/2388\/revisions\/2412"}],"wp:attachment":[{"href":"https:\/\/aeroclubchateauneuf.fr\/index.php?rest_route=%2Fwp%2Fv2%2Fmedia&parent=2388"}],"curies":[{"name":"wp","href":"https:\/\/api.w.org\/{rel}","templated":true}]}}