{"id":1517,"date":"2020-10-27T18:14:28","date_gmt":"2020-10-27T17:14:28","guid":{"rendered":"http:\/\/aeroclubchateauneuf.fr\/?page_id=1517"},"modified":"2021-10-06T13:27:27","modified_gmt":"2021-10-06T12:27:27","slug":"mentions-legales","status":"publish","type":"page","link":"https:\/\/aeroclubchateauneuf.fr\/?page_id=1517","title":{"rendered":"Mentions l\u00e9gales"},"content":{"rendered":"<p style=\"text-align: center;\"><strong>POLITIQUE DE CONFIDENTIALIT\u00c9 ET PROTECTION DES DONN\u00c9ES<\/strong><\/p>\n<p><strong>Date de mise \u00e0 jour\u00a0: 07 juillet 2020<\/strong><\/p>\n<p>Vous \u00eates connect\u00e9 sur le site Internet de<br \/>\nl\u2019<strong>UNION A\u00c9RIENNE DE CH\u00c2TEAUNEUF-SUR-CHER, UNAC<\/strong>.<\/p>\n<p>Nous attachons une grande importance \u00e0 la protection de vos donn\u00e9es \u00e0 caract\u00e8re personnel. Il va de soi que nous nous\u00a0 engageons\u00a0 \u00e0\u00a0 respecter\u00a0 les\u00a0 dispositions\u00a0 de\u00a0 la\u00a0 loi\u00a0 n\u00b078-17\u00a0 du\u00a0 6\u00a0 janvier\u00a0 1978\u00a0 relative\u00a0 \u00e0 l\u2019informatique, aux fichiers et aux libert\u00e9s modifi\u00e9e et au R\u00e8glement (UE) 2016\/679 du Parlement europ\u00e9en et du Conseil du 27 avril 2016 dit \u00ab RGPD \u00bb et \u00e0 prendre toute pr\u00e9caution n\u00e9cessaire pour pr\u00e9server la s\u00e9curit\u00e9 des informations nominatives confi\u00e9es. Vous trouverez ci-dessous des informations sur notre site et sur la mani\u00e8re dont nous mettons en \u0153uvre la protection des donn\u00e9es\u00a0:<\/p>\n<p><strong>SITE (ci-apr\u00e8s \u00ab le site \u00bb)<\/strong><\/p>\n<h4><strong>UNION A\u00c9RIENNE DE CH\u00c2TEAUNEUF-SUR-CHER, UNAC<\/strong>.<br \/>\n<span style=\"font-size: 12pt;\"><a href=\"http:\/\/aeroclubchateauneuf.fr\/\">http:\/\/aeroclubchateauneuf.fr\/<\/a><\/span><\/h4>\n<p><strong>\u00c9DITEUR (ci-apr\u00e8s \u00ab l\u2019\u00e9diteur \u00bb)<\/strong><\/p>\n<p>Union a\u00e9rienne de Ch\u00e2teauneuf-sur-Cher, UNAC<br \/>\nAssociation r\u00e9gie par la loi du 1<sup>er<\/sup> juillet 1901<br \/>\nAdresse\u00a0: A\u00e9rodrome Serruelles Chavannes. 18190 SERRUELLES<br \/>\nCourriel\u00a0: aeroclubchateauneuf@gmail.com<br \/>\nT\u00e9l. 06 11 14 16 96<br \/>\nDirecteur de publication\u00a0: Monsieur Olivier Martinat<\/p>\n<p><strong>H\u00c9BERGEUR (ci-apr\u00e8s \u00ab l\u2019h\u00e9bergeur \u00bb)<\/strong><\/p>\n<p>Site internet h\u00e9berg\u00e9 par OVH<br \/>\nOVH SAS<br \/>\nSi\u00e8ge Social\u00a0: 2 rue Kellermann. 59100 ROUBAIX<br \/>\nT\u00e9l : 08 203 203 63<br \/>\nSite internet\u00a0: <a href=\"https:\/\/www.ovh.com\/fr\/\">https:\/\/www.ovh.com\/fr\/<\/a><\/p>\n<p><strong>CONDITIONS D\u2019UTILISATION DU SITE<\/strong><\/p>\n<p>La poursuite de la navigation sur le site implique l\u2019acceptation pleine et enti\u00e8re des conditions g\u00e9n\u00e9rales d\u2019utilisation ci-apr\u00e8s d\u00e9crites. Ces conditions d\u2019utilisation sont susceptibles d\u2019\u00eatre modifi\u00e9es ou compl\u00e9t\u00e9es \u00e0 tout moment, les utilisateurs du site sont donc invit\u00e9s \u00e0 les consulter de mani\u00e8re r\u00e9guli\u00e8re.<strong>\u00a0<\/strong><\/p>\n<p><strong>PROTECTION DE VOS DONN\u00c9ES \u00c0 CARACT\u00c8RE PERSONNEL<\/strong><\/p>\n<ul>\n<li><strong>COLLECTE ET FINALIT\u00c9 DU RECUEIL DE DONN\u00c9ES<\/strong><\/li>\n<\/ul>\n<p>Le pr\u00e9sent site internet (http:\/\/aeroclubchateauneuf.fr\/) ne collecte aucune donn\u00e9e \u00e0 caract\u00e8re personnel en tant que tel.<\/p>\n<p>Les seules donn\u00e9es \u00e0 caract\u00e8re personnel que nous recueillons au titre de l\u2019association, sont exclusivement celles que vous nous communiquez par le biais de votre adh\u00e9sion \u00e0 notre association. En votre qualit\u00e9 de membre adh\u00e9rent (pilote, instructeur ou \u00e9l\u00e8ve-pilote), vos donn\u00e9es sont enregistr\u00e9es sur la plateforme de gestion des vols et des a\u00e9ronefs \u00ab\u00a0NetAirClub\u00a0\u00bb (<a href=\"http:\/\/netairclub.com\/\">http:\/\/netairclub.com\/<\/a>) et sont destin\u00e9es et trait\u00e9es exclusivement \u00e0 des fins de gestion interne et pour r\u00e9pondre aux besoins de gestion des comptes pilotes, de gestion et de planifications des vols. Ces donn\u00e9es correspondent \u00e0 votre nom, adresse postale, adresse e-mail et num\u00e9ro de t\u00e9l\u00e9phone ainsi que les informations relatives vos qualifications a\u00e9ronautiques.<\/p>\n<p>Nous ne recueillons et n\u2019utilisons que les donn\u00e9es \u00e0 caract\u00e8re personnel que vous nous communiquez dans le cadre de votre adh\u00e9sion et requises \u00e0 cette fin que pour autant que cela est n\u00e9cessaire, sur le fondement d\u2019une autorisation l\u00e9gale ou en vertu de votre consentement expr\u00e8s \u00e0 l\u2019utilisation ult\u00e9rieure de vos donn\u00e9es consenti lors de votre adh\u00e9sion.<strong>\u00a0<\/strong><\/p>\n<ul>\n<li><strong>CONSERVATION ET SUPPRESSION DES DONN\u00c9ES<\/strong><\/li>\n<\/ul>\n<p>Nous conservons et supprimons les donn\u00e9es \u00e0 caract\u00e8re personnel conform\u00e9ment aux d\u00e9lais de conservation d\u00e9finis par la l\u00e9gislation fiscale, associative et a\u00e9ronautique d\u00e8s lors que les donn\u00e9es ne sont plus requises aux fins de l\u2019utilisation pr\u00e9vue. Nous veillons \u00e0 mettre en place toutes les mesures indispensables \u00e0 la protection des donn\u00e9es personnelles des utilisateurs contre les dommages, perte, d\u00e9tournement, intrusion, divulgation, alt\u00e9ration ou destruction.<\/p>\n<ul>\n<li><strong>TRANSMISSIONS DES DONN\u00c9ES A DES TIERS<\/strong><\/li>\n<\/ul>\n<p>Vos donn\u00e9es sont exclusivement utilis\u00e9es au sein de l\u2019association. En aucun cas vos donn\u00e9es personnelles ne sont vendues, confi\u00e9es, divulgu\u00e9es ou transmises \u00e0 des tiers.<\/p>\n<p><strong>DROITS DE L\u2019UTILISATEUR<\/strong><\/p>\n<p>En application de la r\u00e9glementation applicable aux donn\u00e9es \u00e0 caract\u00e8re personnel, et en votre qualit\u00e9 d\u2019utilisateur, vous disposez des droits suivants :<\/p>\n<ul>\n<li>Le droit d\u2019acc\u00e8s : dans ce cas, avant la mise en \u0153uvre de ce droit, une preuve de votre identit\u00e9 vous sera demand\u00e9e afin d&rsquo;en v\u00e9rifier l&rsquo;exactitude.<\/li>\n<li>Le droit de rectification : si les donn\u00e9es \u00e0 caract\u00e8re personnel d\u00e9tenues sont inexactes, vous pouvez demander la mise \u00e0 jour des informations.<\/li>\n<li>Le droit de suppression des donn\u00e9es : vous pouvez demander la suppression de vos donn\u00e9es \u00e0 caract\u00e8re personnel, conform\u00e9ment aux lois applicables en mati\u00e8re de protection des donn\u00e9es.<\/li>\n<li>Le droit \u00e0 la limitation du traitement : vous pouvez nous demander de limiter le traitement des donn\u00e9es personnelles conform\u00e9ment aux hypoth\u00e8ses pr\u00e9vues par le RGPD.<\/li>\n<li>Le droit de s\u2019opposer au traitement des donn\u00e9es : vous pouvez vous opposer \u00e0 ce que vos donn\u00e9es soient trait\u00e9es conform\u00e9ment aux hypoth\u00e8ses pr\u00e9vues par le RGPD.<\/li>\n<li>Le droit \u00e0 la portabilit\u00e9 : vous pouvez nous demander de vous remette les donn\u00e9es personnelles qui nous ont \u00e9t\u00e9 fournies pour les transmettre \u00e0 une nouvelle Plateforme.<\/li>\n<\/ul>\n<p>Sous r\u00e9serve de justifier de son identit\u00e9, l\u2019utilisateur peut exercer ces droits en \u00e9crivant au Directeur de la publication\u00a0(voir coordonn\u00e9es de l\u2019\u00e9diteur ci-avant).<\/p>\n<p>Conform\u00e9ment \u00e0 l&rsquo;article 77 du RGPD, vous avez le droit d&rsquo;introduire une r\u00e9clamation aupr\u00e8s d&rsquo;une autorit\u00e9 de contr\u00f4le, si vous consid\u00e9rez que le traitement des donn\u00e9es \u00e0 caract\u00e8re personnel vous concernant constitue une violation des dispositions relative \u00e0 la protection des donn\u00e9es. Le droit d\u2019introduire une r\u00e9clamation peut \u00eatre exerc\u00e9 aupr\u00e8s d\u2019une autorit\u00e9 de contr\u00f4le dans l&rsquo;\u00c9tat membre dans lequel se trouve votre r\u00e9sidence habituelle, votre lieu de travail ou le lieu o\u00f9 la violation aurait \u00e9t\u00e9 commise. En France, l\u2019utilisateur peut introduire une r\u00e9clamation aupr\u00e8s de l\u2019autorit\u00e9 fran\u00e7aise de protection des donn\u00e9es, la C.N.I.L. (<a href=\"http:\/\/www.cnil.fr\">www.cnil.fr<\/a>).<\/p>\n<p><strong>\u00a0<\/strong><strong>CONTENU ET GESTION DU SITE<\/strong><\/p>\n<ul>\n<li><strong>\u00a0<\/strong><strong>LIENS HYPERTEXTES<\/strong><\/li>\n<\/ul>\n<p>La cr\u00e9ation de liens hypertextes vers le site \u00ab http:\/\/aeroclubchateauneuf.fr\/ \u00bb est soumise \u00e0 l\u2019accord pr\u00e9alable de l\u2019\u00e9diteur du site. Toute demande de cr\u00e9ation de liens hypertextes vers le site doit \u00eatre envoy\u00e9e \u00e0 l\u2019\u00e9diteur. L\u2019\u00e9diteur est libre de refuser cette autorisation sans avoir \u00e0 justifier de quelque mani\u00e8re que ce soit sa d\u00e9cision. Dans le cas o\u00f9 l\u2019\u00e9diteur accorderait son autorisation, celle-ci n\u2019est dans tous les cas que temporaire et pourra \u00eatre retir\u00e9e \u00e0 tout moment, sans obligation de justification \u00e0 la charge de l\u2019\u00e9diteur. Dans tous les cas, tout lien devra \u00eatre retir\u00e9 sur simple demande de l\u2019\u00e9diteur.<\/p>\n<p>Les liens hypertextes \u00e9tablis en direction de sites tiers \u00e0 partir du pr\u00e9sent site ne sauraient, en aucun cas, engager la responsabilit\u00e9 de l\u2019\u00e9diteur.<\/p>\n<ul>\n<li><strong>\u00a0<\/strong><strong>GESTION DU SITE<\/strong><\/li>\n<\/ul>\n<p>Pour la bonne gestion du site, l\u2019\u00e9diteur pourra \u00e0 tout moment :<\/p>\n<ul style=\"list-style-type: circle;\">\n<li>suspendre, interrompre ou de limiter l\u2019acc\u00e8s \u00e0 tout ou partie du site, r\u00e9server l\u2019acc\u00e8s au site, ou \u00e0 certaines parties du site, \u00e0 une cat\u00e9gorie d\u00e9termin\u00e9e d\u2019internautes ;<\/li>\n<li>supprimer toute information pouvant en perturber le fonctionnement ou entrant en contravention avec les lois nationales ou internationales, ou avec les r\u00e8gles de la N\u00e9tiquette ;<\/li>\n<li>suspendre le site afin de proc\u00e9der \u00e0 des mises \u00e0 jour.<\/li>\n<\/ul>\n<ul>\n<li><strong>\u00a0<\/strong><strong>COOKIES<\/strong><\/li>\n<\/ul>\n<p>Le site peut collecter automatiquement des informations standards. Toutes les informations collect\u00e9es indirectement ne seront utilis\u00e9es que pour suivre le volume, le type et la configuration du trafic utilisant ce site, pour en d\u00e9velopper la conception et l\u2019agencement et \u00e0 d\u2019autres fins administratives et de planification et plus g\u00e9n\u00e9ralement pour am\u00e9liorer le service que nous vous offrons.<\/p>\n<p>Vous pouvez d\u00e9sactiver l\u2019utilisation de cookies en s\u00e9lectionnant les param\u00e8tres appropri\u00e9s de votre navigateur. Cependant, une telle d\u00e9sactivation pourrait emp\u00eacher l\u2019utilisation de certaines fonctionnalit\u00e9s de ce site.<\/p>\n<p><strong>\u00a0<\/strong><strong>INFORMATIONS TECHNIQUES ET RAPPELS SUR INTERNET<\/strong><\/p>\n<p>Il est express\u00e9ment rappel\u00e9 \u00e0 l\u2019utilisateur qu\u2019internet n\u2019est pas un r\u00e9seau s\u00e9curis\u00e9. L\u2019utilisateur reconna\u00eet \u00eatre pleinement inform\u00e9 du d\u00e9faut de fiabilit\u00e9 du r\u00e9seau internet, tout particuli\u00e8rement en termes de failles de s\u00e9curit\u00e9 relative \u00e0 la transmission de donn\u00e9es et de non garantie des performances relatives au volume et \u00e0 la rapidit\u00e9 de transmission des donn\u00e9es. Nous mettons tout en \u0153uvre afin que notre plateforme internet soit la plus s\u00e9curis\u00e9e possible. Cependant, Internet n\u2019est pas un r\u00e9seau s\u00e9curis\u00e9 et il est possible que la fiabilit\u00e9 du syst\u00e8me soit compromise ind\u00e9pendamment de notre volont\u00e9. L\u2019\u00e9diteur ne sera en aucun cas responsable d\u2019\u00e9v\u00e8nements impr\u00e9visibles tels que des failles de s\u00e9curit\u00e9 concernant la transmission de donn\u00e9es ni de la garantie des performances relatives au volume et \u00e0 la rapidit\u00e9 de transmission des donn\u00e9es. Dans ces conditions, il appartient aux Utilisateurs de prendre toutes les mesures appropri\u00e9es de fa\u00e7on \u00e0 prot\u00e9ger leurs propres donn\u00e9es et\/ou logiciels notamment de la contamination par d\u2019\u00e9ventuels virus circulant sur Internet.<\/p>\n<p><strong>\u00a0<\/strong><strong>RESPONSABILIT\u00c9 DE L\u2019\u00c9DITEUR<\/strong><\/p>\n<p>La responsabilit\u00e9 de l\u2019\u00e9diteur ne peut \u00eatre engag\u00e9e en cas de d\u00e9faillance, panne, difficult\u00e9 ou interruption de fonctionnement, emp\u00eachant l\u2019acc\u00e8s au site ou \u00e0 une de ses fonctionnalit\u00e9s. Toutes les informations indiqu\u00e9es sur le site sont donn\u00e9es \u00e0 titre indicatif et sont susceptibles d\u2019\u00e9voluer. Par ailleurs, les renseignements figurant sur le site ne sont pas exhaustifs. Ils sont donn\u00e9s sous r\u00e9serve de modifications ayant \u00e9t\u00e9 apport\u00e9es depuis leur mise en ligne. Le mat\u00e9riel de connexion au site que vous utilisez est sous votre enti\u00e8re responsabilit\u00e9. Vous devez prendre toutes les mesures appropri\u00e9es pour prot\u00e9ger votre mat\u00e9riel et vos propres donn\u00e9es notamment d\u2019attaques virales par Internet. Vous \u00eates par ailleurs le seul responsable des sites et donn\u00e9es que vous consultez.<\/p>\n<p>L\u2019\u00e9diteur ne pourra \u00eatre tenu responsable en cas de poursuites judiciaires \u00e0<br \/>\nvotre encontre :<\/p>\n<ul>\n<li>du fait de l\u2019usage du site ou de tout service accessible via Internet ;<\/li>\n<li>du fait du non-respect par vous des pr\u00e9sentes politiques de confidentialit\u00e9<\/li>\n<\/ul>\n<p>L\u2019\u00e9diteur n\u2019est pas responsable des dommages caus\u00e9s \u00e0 vous-m\u00eame, \u00e0 des tiers et\/ou \u00e0 votre \u00e9quipement du fait de votre connexion ou de votre utilisation du site et vous renoncez \u00e0 toute action contre lui de ce fait. Si l\u2019\u00e9diteur venait \u00e0 faire l\u2019objet d\u2019une proc\u00e9dure amiable ou judiciaire en raison de votre utilisation du site, il pourra se retourner contre vous pour obtenir indemnisation de tous les pr\u00e9judices, sommes, condamnations et frais qui pourraient d\u00e9couler de cette proc\u00e9dure.<\/p>\n<p><strong>\u00a0<\/strong><strong>DROITS D\u2019AUTEUR<\/strong><\/p>\n<p>Toutes les marques, photographies, textes, commentaires, illustrations, images anim\u00e9es ou non, s\u00e9quences vid\u00e9o, sons, ainsi que toutes les applications informatiques qui pourraient \u00eatre utilis\u00e9es pour faire fonctionner ce site et plus g\u00e9n\u00e9ralement tous les \u00e9l\u00e9ments reproduits ou utilis\u00e9s sur le site sont prot\u00e9g\u00e9s par les lois en vigueur au titre de la propri\u00e9t\u00e9 intellectuelle. La reproduction ou repr\u00e9sentation, int\u00e9grale ou partielle, des pages, des donn\u00e9es et de toute autre \u00e9l\u00e9ment constitutif au site, par quelque proc\u00e9d\u00e9 ou support que ce soit, est interdite et constitue, sans autorisation de l\u2019\u00e9diteur, une contrefa\u00e7on et poursuivie conform\u00e9ment aux dispositions des articles L.335-2 et suivants du Code de Propri\u00e9t\u00e9 Intellectuelle. Le fait pour l\u2019\u00e9diteur de ne pas engager de proc\u00e9dure d\u00e8s la prise de connaissance de ces utilisations non autoris\u00e9es ne vaut pas acceptation desdites utilisations et renonciation aux poursuites.<\/p>\n<p><strong>DROIT APPLICABLE &#8211; JURIDICATION &#8211; LANGUE<\/strong><\/p>\n<p>Les pr\u00e9sentes conditions d&rsquo;utilisation du site sont r\u00e9gies par la loi fran\u00e7aise et soumises \u00e0 la comp\u00e9tence des tribunaux du si\u00e8ge social de l&rsquo;\u00e9diteur, sous r\u00e9serve d&rsquo;une attribution de comp\u00e9tence sp\u00e9cifique d\u00e9coulant d&rsquo;un texte de loi ou r\u00e9glementaire particulier. Les pr\u00e9sentes conditions g\u00e9n\u00e9rales sont r\u00e9dig\u00e9es en langue fran\u00e7aise.<\/p>\n","protected":false},"excerpt":{"rendered":"<p>POLITIQUE DE CONFIDENTIALIT\u00c9 ET PROTECTION DES DONN\u00c9ES Date de mise \u00e0 jour\u00a0: 07 juillet 2020 Vous \u00eates connect\u00e9 sur le site Internet de l\u2019UNION A\u00c9RIENNE DE CH\u00c2TEAUNEUF-SUR-CHER, UNAC. Nous attachons une grande importance \u00e0 la protection de vos donn\u00e9es \u00e0 &hellip; <a href=\"https:\/\/aeroclubchateauneuf.fr\/?page_id=1517\">Continuer la lecture <span class=\"meta-nav\">&rarr;<\/span><\/a><\/p>\n","protected":false},"author":1,"featured_media":0,"parent":0,"menu_order":12,"comment_status":"closed","ping_status":"closed","template":"","meta":[],"_links":{"self":[{"href":"https:\/\/aeroclubchateauneuf.fr\/index.php?rest_route=\/wp\/v2\/pages\/1517"}],"collection":[{"href":"https:\/\/aeroclubchateauneuf.fr\/index.php?rest_route=\/wp\/v2\/pages"}],"about":[{"href":"https:\/\/aeroclubchateauneuf.fr\/index.php?rest_route=\/wp\/v2\/types\/page"}],"author":[{"embeddable":true,"href":"https:\/\/aeroclubchateauneuf.fr\/index.php?rest_route=\/wp\/v2\/users\/1"}],"replies":[{"embeddable":true,"href":"https:\/\/aeroclubchateauneuf.fr\/index.php?rest_route=%2Fwp%2Fv2%2Fcomments&post=1517"}],"version-history":[{"count":7,"href":"https:\/\/aeroclubchateauneuf.fr\/index.php?rest_route=\/wp\/v2\/pages\/1517\/revisions"}],"predecessor-version":[{"id":1624,"href":"https:\/\/aeroclubchateauneuf.fr\/index.php?rest_route=\/wp\/v2\/pages\/1517\/revisions\/1624"}],"wp:attachment":[{"href":"https:\/\/aeroclubchateauneuf.fr\/index.php?rest_route=%2Fwp%2Fv2%2Fmedia&parent=1517"}],"curies":[{"name":"wp","href":"https:\/\/api.w.org\/{rel}","templated":true}]}}