{"id":1124,"date":"2017-01-06T11:15:00","date_gmt":"2017-01-06T09:15:00","guid":{"rendered":"http:\/\/aeroclubchateauneuf.fr\/?page_id=1124"},"modified":"2017-01-13T22:22:35","modified_gmt":"2017-01-13T20:22:35","slug":"voyages","status":"publish","type":"page","link":"https:\/\/aeroclubchateauneuf.fr\/?page_id=1124","title":{"rendered":"Voyages"},"content":{"rendered":"<p>\u00ab\u00a0<i>Quand je ne chante pas, je fais de l&rsquo;avion, ou j&rsquo;en r\u00eave. Ce qui est beau, c&rsquo;est de faire du rase-mottes dans les nuages. On trouve des routes, on suit des avenues, on se perd&#8230;\u00a0\u00bb<\/i><br \/>\nJacques Brel<\/p>\n<p><span style=\"color: #000000;\"><span style=\"font-family: Arial, sans-serif;\"><span style=\"font-size: medium;\">Une fois le brevet obtenu, la France vous semblera bien petite\u00a0: les ch\u00e2teaux de la Loire ne sont jamais qu&rsquo;\u00e0 45 minutes de vol, idem pour le massif central et ses volcans l&rsquo;Atlantique et ses \u00eeles \u00e0 1h30, les Alpes et la m\u00e9diterran\u00e9e \u00e0 2h00.<\/span><\/span><\/span><\/p>\n<p><img decoding=\"async\" loading=\"lazy\" class=\" wp-image-1210 alignleft\" src=\"http:\/\/aeroclubchateauneuf.fr\/wp-content\/uploads\/IMG_6758-300x196.jpg\" alt=\"\" width=\"206\" height=\"134\" srcset=\"https:\/\/aeroclubchateauneuf.fr\/wp-content\/uploads\/IMG_6758-300x196.jpg 300w, https:\/\/aeroclubchateauneuf.fr\/wp-content\/uploads\/IMG_6758-1024x670.jpg 1024w\" sizes=\"(max-width: 206px) 100vw, 206px\" \/><\/p>\n<p><img decoding=\"async\" loading=\"lazy\" class=\"alignnone size-medium wp-image-1224\" src=\"http:\/\/aeroclubchateauneuf.fr\/wp-content\/uploads\/chenonceau-300x132.jpg\" alt=\"\" width=\"300\" height=\"132\" srcset=\"https:\/\/aeroclubchateauneuf.fr\/wp-content\/uploads\/chenonceau-300x132.jpg 300w, https:\/\/aeroclubchateauneuf.fr\/wp-content\/uploads\/chenonceau.jpg 758w\" sizes=\"(max-width: 300px) 100vw, 300px\" \/><\/p>\n<p style=\"text-align: left;\"><span style=\"font-family: 'comic sans ms', sans-serif;\">\u00a0 \u00a0 \u00a0 \u00a0 \u00a0 \u00a0 \u00a0L&rsquo;ile d&rsquo;Yeu \u00a0 \u00a0 \u00a0 \u00a0 \u00a0 \u00a0 \u00a0 \u00a0 \u00a0 \u00a0 \u00a0 \u00a0 \u00a0 \u00a0 \u00a0 \u00a0 \u00a0 \u00a0 \u00a0 Chenonceaux<\/span><\/p>\n<p><span style=\"color: #000000;\"><span style=\"font-family: Arial, sans-serif;\"><span style=\"font-size: medium;\">Les ailes continuant \u00e0 pousser, vous pourrez, comme certains de nos \u00e9quipages l&rsquo;ont fait, prolonger votre vol vers l&rsquo;Angleterre, l&rsquo;Allemagne, la r\u00e9publique th\u00e8que, l&rsquo;Autriche, la Croatie, la Slov\u00e9nie, l&rsquo;Italie, l&rsquo;Espagne, le Portugal, le Maroc\u2026<\/span><\/span><\/span><\/p>\n<p><img decoding=\"async\" loading=\"lazy\" class=\"alignnone size-medium wp-image-1205\" src=\"http:\/\/aeroclubchateauneuf.fr\/wp-content\/uploads\/Croatie_2006_106-1-300x174.jpg\" alt=\"\" width=\"300\" height=\"174\" srcset=\"https:\/\/aeroclubchateauneuf.fr\/wp-content\/uploads\/Croatie_2006_106-1-300x174.jpg 300w, https:\/\/aeroclubchateauneuf.fr\/wp-content\/uploads\/Croatie_2006_106-1.jpg 622w\" sizes=\"(max-width: 300px) 100vw, 300px\" \/>\u00a0 \u00a0 \u00a0 \u00a0 \u00a0 \u00a0 \u00a0 \u00a0 \u00a0<img decoding=\"async\" loading=\"lazy\" class=\"alignnone wp-image-1207\" src=\"http:\/\/aeroclubchateauneuf.fr\/wp-content\/uploads\/IMG_0466-300x222.jpg\" alt=\"\" width=\"232\" height=\"172\" srcset=\"https:\/\/aeroclubchateauneuf.fr\/wp-content\/uploads\/IMG_0466-300x222.jpg 300w, https:\/\/aeroclubchateauneuf.fr\/wp-content\/uploads\/IMG_0466.jpg 629w\" sizes=\"(max-width: 232px) 100vw, 232px\" \/><\/p>\n<p><span style=\"font-family: 'comic sans ms', sans-serif;\">\u00a0 \u00a0 \u00a0 \u00a0 \u00a0 \u00a0 \u00a0 \u00a0 En vol vers Dubrovnik \u00a0 \u00a0 \u00a0 \u00a0 \u00a0 \u00a0 \u00a0 \u00a0 \u00a0 \u00a0 \u00a0 \u00a0 \u00a0 \u00a0 \u00a0 \u00a0 \u00a0 \u00a0 \u00a0 \u00a0 A Ouarzazate<\/span><\/p>\n<p><span style=\"color: #000000;\"><span style=\"font-family: Arial, sans-serif;\"><span style=\"font-size: medium;\">Nos pilotes ont par ailleurs particip\u00e9 ou participent \u00e0 diff\u00e9rents \u00e9v\u00e8nements:les caf\u00e9s croissants en r\u00e9gion Centre, le jour le plus long, Rouen-Brighton, Strasbourg-Prague, Ronde de nuit, Tour a\u00e9rien des jeunes pilotes, R\u00eaves de gosse,Toulouse-Saint-Louis du\u00a0<\/span><\/span><\/span><span style=\"font-size: medium;\">S\u00e9n\u00e9gal, Grass cockpit,etc\u2026<\/span><\/p>\n<p><img decoding=\"async\" loading=\"lazy\" class=\"alignnone wp-image-1213\" src=\"http:\/\/aeroclubchateauneuf.fr\/wp-content\/uploads\/Toulouse-St-Louis-2014-019-1-300x223.jpg\" alt=\"\" width=\"249\" height=\"185\" srcset=\"https:\/\/aeroclubchateauneuf.fr\/wp-content\/uploads\/Toulouse-St-Louis-2014-019-1-300x223.jpg 300w, https:\/\/aeroclubchateauneuf.fr\/wp-content\/uploads\/Toulouse-St-Louis-2014-019-1-1024x760.jpg 1024w\" sizes=\"(max-width: 249px) 100vw, 249px\" \/>\u00a0 \u00a0 \u00a0 \u00a0 \u00a0 \u00a0 \u00a0 \u00a0 \u00a0 \u00a0 \u00a0<img decoding=\"async\" loading=\"lazy\" class=\"alignnone wp-image-1222\" src=\"http:\/\/aeroclubchateauneuf.fr\/wp-content\/uploads\/P6110280-300x223.jpg\" alt=\"\" width=\"247\" height=\"183\" srcset=\"https:\/\/aeroclubchateauneuf.fr\/wp-content\/uploads\/P6110280-300x223.jpg 300w, https:\/\/aeroclubchateauneuf.fr\/wp-content\/uploads\/P6110280-1024x763.jpg 1024w\" sizes=\"(max-width: 247px) 100vw, 247px\" \/><\/p>\n<p><span style=\"font-family: 'comic sans ms', sans-serif;\">\u00a0 \u00a0 \u00a0 \u00a0 \u00a0 \u00a0 \u00a0 \u00a0 \u00a0A Tarfaya \u00a0 \u00a0 \u00a0 \u00a0 \u00a0 \u00a0 \u00a0 \u00a0 \u00a0 \u00a0 \u00a0 \u00a0 \u00a0 \u00a0 \u00a0 \u00a0 \u00a0 \u00a0 \u00a0 \u00a0 \u00a0De retour du Grasscockpit<\/span><\/p>\n<p><a href=\"http:\/\/www.rallyetoulousesaintlouis.com\/\" target=\"_blank\"><img decoding=\"async\" loading=\"lazy\" class=\"alignnone size-medium wp-image-892\" src=\"http:\/\/aeroclubchateauneuf.fr\/wp-content\/uploads\/2264150-3163932-208x300.jpg\" alt=\"\" width=\"208\" height=\"300\" srcset=\"https:\/\/aeroclubchateauneuf.fr\/wp-content\/uploads\/2264150-3163932-208x300.jpg 208w, https:\/\/aeroclubchateauneuf.fr\/wp-content\/uploads\/2264150-3163932.jpg 350w\" sizes=\"(max-width: 208px) 100vw, 208px\" \/><\/a>\u00a0 \u00a0 \u00a0 \u00a0 \u00a0 \u00a0\u00a0<a href=\"http:\/\/www.ffa-aero.fr\/FR\/frm_TAJP_Presentation.awp\" target=\"_blank\"><img decoding=\"async\" loading=\"lazy\" class=\"alignnone size-full wp-image-896\" src=\"http:\/\/aeroclubchateauneuf.fr\/wp-content\/uploads\/htjp.jpg\" alt=\"\" width=\"245\" height=\"185\" \/><\/a><\/p>\n<p><a href=\"http:\/\/revesdegosse.fr\/\" target=\"_blank\"><img decoding=\"async\" loading=\"lazy\" class=\"alignnone wp-image-901\" src=\"http:\/\/aeroclubchateauneuf.fr\/wp-content\/uploads\/revedegosse-300x33.jpg\" alt=\"\" width=\"500\" height=\"55\" srcset=\"https:\/\/aeroclubchateauneuf.fr\/wp-content\/uploads\/revedegosse-300x33.jpg 300w, https:\/\/aeroclubchateauneuf.fr\/wp-content\/uploads\/revedegosse.jpg 926w\" sizes=\"(max-width: 500px) 100vw, 500px\" \/><\/a><\/p>\n","protected":false},"excerpt":{"rendered":"<p>\u00ab\u00a0Quand je ne chante pas, je fais de l&rsquo;avion, ou j&rsquo;en r\u00eave. Ce qui est beau, c&rsquo;est de faire du rase-mottes dans les nuages. On trouve des routes, on suit des avenues, on se perd&#8230;\u00a0\u00bb Jacques Brel Une fois le &hellip; <a href=\"https:\/\/aeroclubchateauneuf.fr\/?page_id=1124\">Continuer la lecture <span class=\"meta-nav\">&rarr;<\/span><\/a><\/p>\n","protected":false},"author":6,"featured_media":0,"parent":477,"menu_order":0,"comment_status":"closed","ping_status":"closed","template":"","meta":[],"_links":{"self":[{"href":"https:\/\/aeroclubchateauneuf.fr\/index.php?rest_route=\/wp\/v2\/pages\/1124"}],"collection":[{"href":"https:\/\/aeroclubchateauneuf.fr\/index.php?rest_route=\/wp\/v2\/pages"}],"about":[{"href":"https:\/\/aeroclubchateauneuf.fr\/index.php?rest_route=\/wp\/v2\/types\/page"}],"author":[{"embeddable":true,"href":"https:\/\/aeroclubchateauneuf.fr\/index.php?rest_route=\/wp\/v2\/users\/6"}],"replies":[{"embeddable":true,"href":"https:\/\/aeroclubchateauneuf.fr\/index.php?rest_route=%2Fwp%2Fv2%2Fcomments&post=1124"}],"version-history":[{"count":9,"href":"https:\/\/aeroclubchateauneuf.fr\/index.php?rest_route=\/wp\/v2\/pages\/1124\/revisions"}],"predecessor-version":[{"id":1233,"href":"https:\/\/aeroclubchateauneuf.fr\/index.php?rest_route=\/wp\/v2\/pages\/1124\/revisions\/1233"}],"up":[{"embeddable":true,"href":"https:\/\/aeroclubchateauneuf.fr\/index.php?rest_route=\/wp\/v2\/pages\/477"}],"wp:attachment":[{"href":"https:\/\/aeroclubchateauneuf.fr\/index.php?rest_route=%2Fwp%2Fv2%2Fmedia&parent=1124"}],"curies":[{"name":"wp","href":"https:\/\/api.w.org\/{rel}","templated":true}]}}